*5 - 3*z**3 + 7/24*z**4 + 3 + 0*z + 0*z**2. Let s(d) be the third derivative of q(d). Determine s(-5).
-3
Let z(k) = 3*k - 5. Let m(d) = -d**3 + d**2 + d - 3. Let b be m(2). What is z(b)?
-20
Let x(k) = -4*k - 3*k + 0*k**2 - 44 - k**2 + 32. Calculate x(-5).
-2
Let j(v) = 2*v**3 - 15*v**2 - 4*v - 30. Let g be j(8). Let a(b) = 3*b**3 - 3*b**2 + 2*b - 2. Calculate a(g).
14
Let h = 8 + -2. Let b(a) = 2*a**3 - 4*a. Let t(m) = 11*m**3 - 7*m**2 - 14*m + 5. Let k(c) = -5*b(c) + t(c). Give k(h).
5
Let u(h) be the first derivative of h**4/4 + 8*h**3 + 12*h**2 + 23*h - 430. Give u(-23).
0
Let y(s) = -s**3 + 4*s**2 + 4*s - 4. Let c = -7 + 48. Let d = -36 + c. Determine y(d).
-9
Let p(h) = h**2 + 3*h - 3. Let s(v) = -6*v**2 - 14*v + 17. Let w(k) = -11*p(k) - 2*s(k). What is w(4)?
-5
Let s = 80 - 60. Suppose 2*t - s = -24. Let b(i) = 0 - i + 2 + 0. What is b(t)?
4
Let i(q) = -q**3 - q**2 + 4*q + 4. Let t be i(-1). Let l(z) be the second derivative of -1/12*z**4 + 1/6*z**3 + 1/5*z**5 - 4*z + t*z**2 + 0. Calculate l(1).
4
Let w(f) = -f**2 - 5*f - 6. Let q(m) = m**2 - 6*m - 6. Let a be q(8). Let n be (-1)/((-28)/a - -3). Give w(n).
-6
Suppose 3*l = -4*x - 14, 3*x + 39*l + 27 = 34*l. Let z(f) be the first derivative of f**2 - 1. Give z(x).
2
Suppose 2*k - 30 = -3*f - f, -19 = -2*f + 3*k. Let t(c) = c**2 - 7*c - 6. Determine t(f).
2
Suppose 113*n - 16 = 109*n. Let t(h) = -5*h + 8. What is t(n)?
-12
Let h(k) = -3*k**3 + 13*k**2 + 12*k - 8. Let o(q) = 4*q**3 - 14*q**2 - 13*q + 9. Let j(n) = -5*h(n) - 4*o(n). Let u be 5*(-2 + 4)/(15/(-12)). Determine j(u).
4
Let s(k) = 19*k + 10 - 13*k - 4*k. What is s(-7)?
-4
Suppose -50*p + 60 = -55*p. Let f(c) = -c**3 - 11*c**2 + 10*c - 17. Determine f(p).
7
Suppose -7*u = -3*u. Let w = -11 - u. Let s(r) = 4*r**3 - 5*r + 5. Let y(h) = 13*h**3 - 14*h + 14. Let g(o) = w*s(o) + 4*y(o). Determine g(1).
8
Let b(z) = -z**3 - 3*z**2 + 4*z + 3. Let j be 20/(-5) - -3 - -36. Suppose -7 - j = 7*x. Let v(q) = 3*q + 14. Let m be v(x). Give b(m).
3
Let a(m) be the third derivative of -m**4/3 - m**2 - 33*m. Give a(1).
-8
Let v(s) be the third derivative of s**5/15 + s**4/24 + 58*s**2. What is v(-1)?
3
Let b(t) be the second derivative of t**4/12 - 17*t**3/6 + 11*t**2/2 + 18*t - 13. What is b(16)?
-5
Let r(g) be the second derivative of g**3/6 + 2*g**2 - 8*g. Let d be r(0). Let a(m) = m + 3. What is a(d)?
7
Let o(k) = k**3 + k - 12. Suppose -8*y = -4*y - 32. Suppose 0 = 10*q - y*q. Determine o(q).
-12
Let k(x) = -x. Let y(q) = q**3 + 6*q**2 + 3. Let m be y(-6). Suppose 0 = -4*s - 8, -m*s = b + 15 - 2. Give k(b).
7
Let d(t) = t - 2. Let r be d(7). Suppose r*s + 30 = 5*m, m + 19 = -4*s + 5. Let q(b) = -2*b + 0*b**2 - 6*b - b**2 - 1 + 2*b. What is q(s)?
7
Let y(l) = -l**3 - 5*l**2 + l + 6. Let a be 27/(-18)*(-10)/(-3). Determine y(a).
1
Suppose 2*d - 8 = d. Suppose -2*m - d = 0, 3*v - 2*m = 25 - 8. Suppose 0 = 2*p + 2*x + x + 1, 3*p = v*x - 24. Let n(o) = -o**3 - 6*o**2 - 4*o + 1. What is n(p)?
-4
Let g(s) be the first derivative of s**6/360 - s**5/24 - s**4/4 + 50*s**3/3 + 25. Let z(f) be the third derivative of g(f). What is z(6)?
0
Let h(l) be the second derivative of l**4/12 + l**2 - 204*l. What is h(4)?
18
Suppose -s - 10 = -3*j, j = -5*s - 1 + 31. Let p(v) = v**2 + 2*v - 2. Determine p(j).
33
Let c(a) = a**3 - 4*a**2 - 33*a + 11. Let h be c(8). Let p(i) be the first derivative of -3 + 4*i - 2/3*i**h + i**2. What is p(3)?
-8
Suppose 0 = 31*x - 31 + 62. Let d(v) = 4*v - 3. What is d(x)?
-7
Let x = -15 - -10. Let h(b) = 8*b - 8. Let u(d) = -7*d + 7. Let f(s) = 63*s - 63. Let t(g) = -4*f(g) - 35*u(g). Let l(w) = x*h(w) - 6*t(w). Determine l(3).
4
Let n(l) = -190 + 16*l**2 - 13*l + 192 + 15*l. Give n(-1).
16
Let u be 1/(14/(-276))*(-15 - -8). Let v(z) = -u - 8*z**2 + 137 + 6*z - 3*z**3 + 4*z**3. Give v(7).
-8
Let l(r) = -14*r**2 - 4*r**2 + 1 - 2*r**2 + r**2. Let s = -1 + 0. What is l(s)?
-18
Let f(q) = -3*q**2 + 1 + 2*q**2 - 8*q**3 - q + 7*q**3 + 5*q. Calculate f(2).
-3
Suppose -14*j + 1530 = j. Let o = -105 + j. Let n(s) = s**2 + 2. Calculate n(o).
11
Let n(o) = o**3 + o**2 + 2*o + 1. Let r = 2 - -2. Let b(w) = w**2 - 12*w + 6. Let z be b(12). Suppose -2 = r*a + z. Determine n(a).
-7
Let g(j) = 2*j. Let o(n) = n**3 + 12*n**2 + 18*n - 14. Let f be o(-10). Calculate g(f).
12
Let a(i) be the first derivative of -15*i**4/4 + 2*i**3/3 - i**2 + i + 351. What is a(1)?
-14
Let k be (-8 + 2)*5/(-6). Let n(u) = 12*u + 11 + 4 - 6*u - k*u. What is n(-7)?
8
Let k(w) = 291*w + 0 - 3 - 312*w. What is k(3)?
-66
Let k = 1 + -5. Let q(m) be the first derivative of -m**4/4 - 2*m**3 - 5*m**2/2 - 4*m - 3341. Determine q(k).
-16
Suppose 6*v + 118 = 10. Let l = v - -20. Let x(u) = -u**3 + u**2 + 2*u + 1. What is x(l)?
1
Let j(q) = q - 10. Let n = 183 + -183. Calculate j(n).
-10
Suppose k - x - 7 = 0, 3*k - 5*x - 15 = 12. Suppose l - 10 = -5, 0 = -2*b - k*l + 10. Let w(y) = -y**3 - 4*y**2 + 3*y - 1. Calculate w(b).
9
Let g(h) = -h**2 + 61*h + 21 + 9 - 94*h. Determine g(-34).
-4
Let m(c) = c - 5. Let u(j) = 3. Let z(x) = -2*m(x) - 6*u(x). Calculate z(-4).
0
Let m(j) = -8*j - 15 - j**2 - 5*j - 4. Let w(n) = -3*n**2 - 37*n - 56. Let k(c) = -17*m(c) + 6*w(c). Calculate k(0).
-13
Let b(j) be the second derivative of -2*j**3/3 - j. Suppose 91*r - 16 = 96*r + 3*n, -4 = -3*r + 5*n. Calculate b(r).
8
Let y(p) = -p + 15. Suppose -3*a + 58 = 2*g - 3, -2*a - 2*g = -44. What is y(a)?
-2
Let y(j) be the third derivative of -3*j**4/8 - j**2. Suppose 2 = -6*u + 6 + 2. Determine y(u).
-9
Let n(x) = -12*x**3 - 6*x**2 - 9*x - 13. Let l(f) = -7*f**3 - 3*f**2 - 5*f - 7. Let k(c) = 7*l(c) - 4*n(c). What is k(4)?
-9
Let j(m) = m - 1. Suppose -107*g + 103*g + 12 = 0. What is j(g)?
2
Let n(v) = v**3 - 387*v + 1 + 984*v - 4*v**2 - 596*v + 2. Suppose -2*p = -p - 3. Determine n(p).
-3
Suppose 3*f = f - 4*p, 0 = -5*f - 3*p - 21. Let v(o) = -o**3 - 7*o**2 - 8*o - 6. Let i be v(f). Let z(y) = -y - 4 - i*y + 3 + 0*y. Determine z(1).
-8
Let u(r) = -r + 14. Let d be u(14). Let l(w) = -w**2 + w + 1. Let y be l(d). Let x(b) = -3*b - y + 5*b - 2. Give x(3).
3
Let x(s) = 4*s + 7. Let t(n) = -5*n - 7. Let w(k) = -5*t(k) - 6*x(k). Suppose -3*u + u + 20 = 0. Suppose 2*g - 4*g + u = 0. Determine w(g).
-2
Let g(n) = 7*n**2 + 4*n - 8 - 50*n**3 + 20*n**3 + 17*n**3 + 14*n**3. Determine g(-6).
4
Let z(v) = v**3 + 9*v**2 - 10*v + 5. Let d be 1 - (-1 + -1)*2. Suppose 38 = -d*g + 3*f, -8*f - 16 = -4*f. Give z(g).
5
Let w(r) = r**3 + 6*r**2 - 6*r. Suppose 35 = 5*k + 5. Let o be 1/3 - 44/k. What is w(o)?
-7
Let x(i) = i**3 + 6*i**2 - 16*i - 1. Let v(q) = 3*q**3 + 2*q**2 - 6*q - 4. Let z be v(-2). What is x(z)?
-1
Let b(t) be the first derivative of 25*t**4/4 - t**3/3 - t**2/2 + t + 113. Determine b(1).
24
Let x(q) = -7*q - 7. Let a(m) = -m**2 - 2*m + 20. Let i be a(-6). Give x(i).
21
Let c(m) = 5*m - 1 + 0 + 2. Let k(g) = -16*g - 4. Let o(l) = 10*c(l) + 3*k(l). Let h be (-285)/(-76) - (3/(-4))/3. Determine o(h).
6
Let h(b) be the third derivative of 0 + 0*b - 1/2*b**3 + 5/24*b**4 + 14*b**2. What is h(2)?
7
Let v(a) = -5*a**2 - 3*a - 3. Let k(n) = 11*n**2 + 7*n + 6. Let u(p) = 6*k(p) + 13*v(p). Let i = 39 - 27. Let w = -18 + i. Give u(w).
15
Let k(d) = d + 1. Let f be 11/((-66)/34) + (-2)/(-3). Give k(f).
-4
Let i(y) = -1 + 3 - 8*y - 3. Calculate i(-1).
7
Suppose a + 2*a = 6. Let x = 17 + -14. Let w(d) = -3 + 208*d**3 - d - 209*d**3 + x*d + 2*d**2. Give w(a).
1
Let u(n) be the first derivative of n**2/2 + 9*n - 183. Calculate u(-9).
0
Let d(l) = 12*l + 47 + 13*l**2 - 86 + 0*l**3 - 2*l**2 + l**3 + 44. Determine d(-10).
-15
Suppose 2 = -5*y + 6*y. Suppose -3*p + p - 5*m = -25, 0 = 5*p + 2*m - 73. Let i(v) = -p*v + 2 + v**y - 7 + 15*v. Calculate i(0).
-5
Suppose 10*i - 5*i = 2*h + 23, -5*i + 7 = 2*h. Let c(k) = -5*k + 4*k + 1122*k**3 - 1123*k**3 + 2*k**2 + 4. Give c(i).
-8
Let c(p) = -p**3 - 12*p**2 + 12*p - 8. Let h = -610 + 597. Calculate c(h).
5
Let m = -18 - -43. Suppose -4*k - m = -17. Let n(z) = z**2 + 1. What is n(k)?
5
Let k(t) = 6*t**2 - 4*t**2 + t**3 + 3*t**2 - t**2. Determine k(-3).
9
Let o(q) be the second derivative of q**5/20 - q**4/3 + q**3/2 - q**2/2 - 3*q. Let r be o(5). Let u be (2 + r/(-15))*-10. Let i(v) = v - 12. What is i(u)?
-6
Let j(i) = -7*i - 88. Let m(p) = 5*p + 83. Let h(t) = -3*j(t) - 2*m(t